n factor of i and 369?
41
Let k = 12 + -21. Let x be (-24)/k + 5/15. Suppose 2*l + 0*t - t - 13 = 0, 0 = -x*l - 2*t + 37. What is the greatest common divisor of l and 1?
1
Let y(v) = -v + 3. Let z be y(1). Suppose 0 = 2*j - z - 16. Calculate the greatest common factor of j and 36.
9
Suppose -a - 332 + 402 = 0. What is the greatest common factor of 238 and a?
14
Let l(p) = -p**2 + 20*p - 17. Let j be l(19). Let m be 4*(3 + 4 - j). What is the highest common divisor of 100 and m?
20
Let b(z) = -22*z - 58. Let d be b(-5). Calculate the greatest common factor of d and 1378.
26
Let s be ((-187)/(-102))/(2/72). Calculate the highest common factor of 638 and s.
22
Let h(d) = -174*d - 1108. Let m be h(-7). Let l = 52 - 33. Let x = 29 - l. What is the highest common factor of m and x?
10
Let b be 1 + 5/((-10)/(-4)). Let v = 19 - 26. Let y = -1 - v. What is the highest common factor of y and b?
3
Suppose 4*v - 2 = 6. Suppose 2*o = -5*j + 291 - 118, -j = v*o - 153. Let h(q) = 9*q - 62. Let n be h(11). What is the highest common factor of o and n?
37
Suppose a - 5*t + 12 = 0, 9*t - 12*t = 3*a - 36. Suppose -1 + 7 = 2*v. Let s(b) = 7*b**2 - b + 4. Let i be s(v). What is the greatest common factor of i and a?
8
Suppose 3*w = -4*j + 68, 4*w + w - 5*j - 90 = 0. Suppose 0 = 16*b - 14*b. Suppose -3*s = q - b*q + 5, -s + 5 = q. What is the highest common divisor of w and q?
10
Let g(k) = 4*k**2 - 2*k. Suppose -5*r - 5*f + 10 + 0 = 0, -5*r - 20 = -f. Let u be g(r). Calculate the highest common divisor of 63 and u.
21
Let l(a) = a - 7. Let z be l(-11). Let m be 3/z - (-1298)/12. Suppose -x + m = 3*x. What is the highest common divisor of 3 and x?
3
Let n = 190 - 98. What is the highest common divisor of n and 23?
23
Suppose -5*c + 21 + 114 = 2*w, -w = -3*c + 81. Calculate the highest common factor of c and 18.
9
Let w be ((-5)/((-5)/9))/((-60)/5 + 13). Suppose a = 6*a + 3*h - 396, 4*a = -2*h + 318. Calculate the highest common divisor of w and a.
9
Suppose -4*a = 3*a + 49. Let s = 9 - a. Suppose 0 = -2*h - 2 + s. What is the highest common divisor of h and 35?
7
Let g(y) = -y**3 - 31*y**2 - 32*y - 6. Let d be g(-30). Calculate the highest common factor of d and 81.
27
Let n = 483 - 462. Calculate the greatest common factor of n and 30.
3
Suppose 0 = 3*f + 5*g - 3*g - 918, 1213 = 4*f - g. Calculate the highest common divisor of f and 16.
16
Let h(j) = j**3 + 7*j**2 - 15*j - 47. Let g be h(-8). What is the highest common factor of g and 69?
3
Let b = 82 + -54. Let t = b + -14. What is the greatest common factor of 154 and t?
14
Suppose g - 2*g + 18 = 0. Let u be (-30)/4*(42/(-20) - 7/(-14)). What is the highest common divisor of u and g?
6
Suppose 3*b + x - 97 = b, -65 = -b + 5*x. What is the highest common divisor of b and 200?
50
Let s = -52 + 187. Suppose 8*y - 7*y - s = 0. What is the highest common factor of 15 and y?
15
Let n = -256 + 277. What is the greatest common divisor of 189 and n?
21
Let n(c) = -5*c - 1. Let t be n(-3). Suppose -2*p + 4*q = -66, 4*q - 47 = -5*p + 104. Let i = -10 + p. Calculate the highest common factor of t and i.
7
Let b be ((-2)/5)/(4/(-20)). Let j be (26/(-3))/(b*1/(-12)). What is the greatest common factor of j and 13?
13
Suppose 2*l = -3*y + 13, -5*y + 2*l + 2*l + 7 = 0. Suppose 0 = -6*u + y + 111. Suppose -4*t + 19 + 209 = 0. Calculate the greatest common factor of u and t.
19
Let i(f) = -f**3 + 12*f**2 - 3*f - 12. Let y be i(12). Let l = y + 29. Let c = l - -39. What is the greatest common divisor of 8 and c?
4
Let y(p) = 4*p**2 + 54*p + 84. Let j be y(-12). Let m = -142 + 295. Let o = -93 + m. What is the greatest common divisor of o and j?
12
Let d(o) = -10 - o - 7*o + 5*o. Let b be d(-4). Suppose 4*i - 9 = 5*k, 3*i = -2*i + b*k + 7. Calculate the greatest common divisor of i and 9.
1
Suppose 30 = o - 9. Let p be o/(-6) - 2/(-4). Let l be (-63)/p*(-56)/(-6). What is the greatest common divisor of 14 and l?
14
Let f be (-2)/((6/(-63))/1). Suppose -2*v = -178 + 164. Calculate the greatest common factor of f and v.
7
Suppose 0 = -4*n + 5*x + 1501 + 558, -9*n + 4647 = 3*x. Calculate the greatest common factor of 24 and n.
12
Suppose 1208 = 29*c - 21325. Calculate the highest common divisor of 21 and c.
21
Let a(v) = -6*v + 4. Let x be a(8). Let m = 70 + x. What is the greatest common factor of 78 and m?
26
Let w(t) be the third derivative of 13*t**5/20 + t**4/8 - t**3/3 - 3*t**2. Let k be w(1). Calculate the greatest common divisor of 8 and k.
8
Let h = 70 + 70. What is the highest common divisor of h and 20?
20
Let m = 38 - 23. Let j be m/(-6)*(-24)/15. Suppose -5*t + 3*t + j*d + 166 = 0, 4*d = -3*t + 219. Calculate the greatest common factor of t and 11.
11
Let i = -25 + 37. Suppose -127*q = -117*q - 840. What is the greatest common factor of q and i?
12
Suppose 3*c - 84 = -3*l, -6*l + 7*l = -5*c + 128. Let h be (-65)/c*1*-5. What is the highest common factor of h and 104?
13
Let m(u) = u - 5. Let r be m(-15). Let g be (-39)/6*(r + 2). Calculate the greatest common factor of g and 13.
13
Suppose 10*k = 7*k + 9. Calculate the highest common divisor of k and 12.
3
Let u(y) = -2*y - 3. Let i be u(-7). Calculate the highest common divisor of 605 and i.
11
Suppose -o = 3*o - 40. Let z be o/((2 + -3)/(-8)). Suppose -4*k + 25 + 15 = 0. What is the greatest common factor of k and z?
10
Let s(o) = o**2 + 12*o + 2. Let v be s(-12). Let r be (110/(v*-1))/(5/(-5)). Calculate the greatest common divisor of r and 5.
5
Let z(h) = -28*h + 10. Let b be z(-3). Let j = b + -66. Calculate the greatest common divisor of 14 and j.
14
Let g be (5 + -4)*(-6)/(-3). Let u(s) = 7*s + 3 + g + 0 + 1. Let f be u(3). What is the greatest common divisor of 9 and f?
9
Let d = -3039 + 3069. Calculate the greatest common factor of 255 and d.
15
Let k be (-11 + 0)/(3 - (-32)/(-8)). What is the greatest common divisor of k and 319?
11
Let l = -456 - -460. Suppose -2*t + 4*u = -4, 4*t - 2*u = 7 + 13. Calculate the greatest common divisor of l and t.
2
Let x be (0 - -1)*-1 - (0 - 3). Let j be (-6)/x + (-3 - -14). What is the highest common divisor of j and 2?
2
Let d = -391 - -449. What is the highest common factor of 2 and d?
2
Let n = 13 - 15. Let s be (-8)/n + (-2)/1. Suppose -s*o + 0*o = -8. What is the greatest common divisor of 6 and o?
2
Let k(y) = -10*y**3 + 3*y**2 - y - 6. Let o be k(-2). Let n be 1 + 13 + 5 + -8. What is the highest common divisor of o and n?
11
Let y = 744 + -504. What is the greatest common divisor of 6 and y?
6
Let c = -31 - -24. Let p be c/(14/(-8)) - 0. Suppose -2*z = 3*z - 3*j - 25, p*z + 2*j - 42 = 0. What is the greatest common divisor of z and 48?
8
Suppose -4*t + 308 = 3*t. Let x be (0 - 3)/3 + 1. Suppose 3*v - 33 = -x*v. Calculate the greatest common factor of v and t.
11
Let l = -21 - -27. Suppose 21*b - 24*b = -l. Suppose -2*c + 5*c + b*p = 34, -4*c - 5*p + 50 = 0. Calculate the greatest common divisor of 5 and c.
5
Suppose 55*l - 3809 = 13736. Calculate the greatest common divisor of l and 11.
11
Let t = 385 - 347. Calculate the highest common factor of 323 and t.
19
Suppose 17*u - 120 = 11*u. What is the greatest common divisor of u and 35?
5
Suppose -3*m + 1150 = 2*m. Let t = 4734 - 4642. What is the greatest common divisor of m and t?
46
Let f be 69 + (7/(-28))/(2/(-8)). What is the greatest common factor of f and 10?
10
Suppose 131 = 3*o + 5*a, a + 57 = 2*o - o. Suppose 0 = -5*y + 15, -4*y + o = n + 3*n. Calculate the greatest common factor of n and 50.
10
Let u(d) be the second derivative of -d**5/20 - d**4/6 + d**3/3 + 4*d**2 + 15*d. Let w be u(-4). Calculate the highest common factor of 224 and w.
32
Let t be (-5 - -3) + (-16 - -19). Let k = -2 + 3. Calculate the highest common divisor of t and k.
1
Let o be (3 + -9)/((-2)/(-4)). Let r(n) = n**3 + 13*n**2 + 10*n + 1. Let w be r(o). Let l = 35 + -25. What is the highest common divisor of l and w?
5
Let w = 354 - 306. What is the greatest common divisor of w and 64?
16
Suppose 5*j - 19 = -l - 3, 4*l + 3*j - 81 = 0. Let h(f) = 8*f**2 - 5*f - 3. Let y be h(-3). What is the greatest common factor of y and l?
21
Suppose 5*i + 4 = -9*u + 6*u, 0 = -3*i - 6. Let k be 6/u + (-48)/(-6) + -4. Calculate the greatest common divisor of k and 77.
7
Suppose 3*v - a - 345 = 0, 21*v